ert 716255 (base 8) to base 11.
151938
Convert -1124143404 (base 5) to base 2.
-1001110011000110011100
What is -176424 (base 8) in base 13?
-23649
What is 7171a (base 11) in base 3?
12022121021
Convert 3404124214 (base 5) to base 12.
2612111
What is 2619ab (base 12) in base 7?
5212562
-31017 (base 10) to base 14
-b437
Convert -10415315 (base 8) to base 7.
-24666166
-111011010100001011110 (base 2) to base 5
-444144041
Convert 124a08 (base 12) to base 11.
194433
Convert -7cc636 (base 16) to base 9.
-16343014
Convert -388 (base 12) to base 16.
-218
Convert -1220424421 (base 5) to base 2.
-1011000101001110011010
What is 1a5800 (base 12) in base 6?
13553200
What is -122123302 (base 4) in base 5?
-11431044
What is 5b67cc (base 14) in base 5?
1300122322
Convert 21133232 (base 4) to base 12.
1a612
-3126641 (base 7) to base 10
-376937
What is 212232233 (base 5) in base 15?
12b5cd
What is 673531 (base 8) in base 11?
145740
What is 210123113 (base 4) in base 5?
14233312
What is -4430534 (base 7) in base 6?
-15404305
Convert -21200222112120 (base 3) to base 8.
-17473440
What is -51224413 (base 6) in base 12?
-5a8109
Convert 10001000010 (base 2) to base 10.
1090
-200132311031 (base 4) to base 15
-b32de8
Convert 39ca3 (base 13) to base 5.
11420432
What is 136530 (base 12) in base 15?
656c9
Convert 300313001 (base 4) to base 10.
200129
Convert -210133334 (base 6) to base 4.
-31323200122
-15255616 (base 7) to base 14
-29dc0d
What is 10c3e (base 16) in base 3?
10111012100
-5d193 (base 14) to base 8
-675355
Convert 196b1 (base 16) to base 7.
612352
Convert -3123332 (base 4) to base 16.
-36fe
-466280 (base 9) to base 14
-74162
-1111000000111010100001 (base 2) to base 12
-1399881
Convert 2446242 (base 8) to base 10.
674978
What is -111033311 (base 4) in base 2?
-10101001111110101
What is 70a497 (base 13) in base 12?
a65311
What is 326375 (base 8) in base 12?
53679
-20255520 (base 6) to base 13
-175599
Convert -228a4 (base 11) to base 4.
-20010002
100000011100000111 (base 2) to base 9
222234
Convert 2002032333 (base 4) to base 7.
4351134
Convert -7624662 (base 8) to base 9.
-3752441
What is 534245 (base 9) in base 14?
83c99
Convert -1110110111101011 (base 2) to base 3.
-10002112211
What is -101011111110111111000 (base 2) in base 11?
-8a4938
What is 11011111110000010111 (base 2) in base 6?
31351023
473713 (base 8) to base 4
213133023
-22322053 (base 6) to base 7
-5530152
Convert -467505 (base 10) to base 11.
-29a275
What is -6535627 (base 10) in base 11?
-376434a
Convert -1ef650 (base 16) to base 14.
-3ab6a4
-22302131020 (base 4) to base 8
-12623510
19b2a (base 16) to base 7
615606
What is 344834 (base 10) in base 6?
11220242
Convert 120131332 (base 4) to base 13.
36805
Convert 30b5c (base 16) to base 8.
605534
Convert 18bb6a (base 12) to base 16.
6a4c2
-1a498 (base 15) to base 14
-231b4
What is 82497 (base 11) in base 16?
1d63c
8cb95 (base 14) to base 9
571783
-183187 (base 11) to base 16
-44f14
What is -358116 (base 13) in base 12?
-515640
851973a (base 11) to base 9
31210303
What is -333100303 (base 4) in base 6?
-5315351
What is -11104403 (base 6) in base 11?
-209a80
Convert 2023242223 (base 5) to base 3.
21202020102202
What is 110121111202 (base 3) in base 9?
417452
71013 (base 16) to base 11
296839
-c8b244 (base 14) to base 3
-110210001200002
What is 1555976 (base 10) in base 13?
4262c6
-101453023 (base 6) to base 13
-49a1c3
1001011101111011000000 (base 2) to base 16
25dec0
Convert 1124013 (base 6) to base 13.
20478
62406404 (base 7) to base 5
2320333132
537792 (base 11) to base 15
11e9b3
What is 483b6 (base 16) in base 13?
a4888
What is 2a521 (base 16) in base 5?
21021340
Convert -4062011 (base 7) to base 15.
-98d9b
What is 4057467 (base 9) in base 16?
210559
-12122211012 (base 3) to base 16
-1b32f
What is 299bd8 (base 15) in base 12?
809858
What is -2208067 (base 10) in base 4?
-20123011003
-1c116 (base 15) to base 3
-11122100010
Convert -11414130 (base 5) to base 2.
-11010001110010111
-1321220310 (base 4) to base 5
-111420403
52a64 (base 11) to base 7
440630
What is 1206951 (base 12) in base 13?
954c8b
-137236 (base 9) to base 13
-2c32b
Convert 4347 (base 13) to base 2.
10010010001010
152306600 (base 7) to base 6
1001554015
What is -22576 (base 9) in base 7?
-61614
Convert -732c4 (base 13) to base 7.
-1521355
2177431 (base 11) to base 5
1434111440
Convert -10001110111111011101000 (base 2) to base 4.
-101313323220
-1108445 (base 9) to base 5
-123043222
Convert 106531 (base 14) to base 12.
22943b
496c7 (base 16) to base 3
120021112122
What is 630477 (base 9) in base 12?
160797
Convert -1032001321 (base 4) to base 3.
-121020102101
What is 116006 (base 9) in base 4?
101011212
7a62 (base 16) to base 10
31330
-1004113444 (base 5) to base 14
-3a816a
Convert 4444020103 (base 5) to base 14.
141b95c
Convert 5232f (base 16) to base 11.
20aa5a
What is -1130676 (base 8) in base 9?
-518008
What is -11010233120 (base 4) in base 10?
-1330136
Convert -32214433 (base 5) to base 16.
-42ade
-21001110 (base 5) to base 14
-4699c
Convert -2640266 (base 7) to base 14.
-900a6
20031301132 (base 4) to base 9
4042121
Convert -4a1236 (base 11) to base 8.
-3013242
Convert -11111333 (base 4) to base 5.
-1200022
Convert -232025 (base 10) to base 15.
-48b35
Convert 110700 (base 9) to base 4.
100022001
77c14b (base 14) to base 2
1111100000111000110111
Convert 111110110010101001111 (base 2) to base 9.
3775377
What is 4a0b2 (base 13) in base 15?
2a609
Convert 80a10 (base 12) to base 3.
22111112210
214385 (base 10) to base 9
356065
Convert 20022220 (base 4) to base 7.
166342
-a1303 (base 12) to base 4
-303021303
What is 123241144 (base 5) in base 12?
25092a
Convert 39c66 (base 13) to base 14.
2b2b6
Convert 34135130 (base 6) to base 11.
64a875
Convert -1a0cc (base 13) to base 2.
-1100011000001011
What is -14978510 (base 10) in base 3?
-1001011222122122
Convert -148154 (base 9) to base 2.
-10110010001110111
What is -36a70b (base 13) in base 9?
-2413717
What is -84359 (base 11) in base 7?
-1021151
-42636373 (base 8) to base 6
-523325523
What is 621b9 (base 13) in base 5?
21113311
What is 2201031310 (base 5) in base 4?
101330232311
What is -4878488 (base 10) in base 11?
-283230a
-2244411313 (base 5) to base 3
-100112212201211
What is -206608 (base 12) in base 7?
-4216454
What is -5aa053 (base 11) in base 14?
-1b198d
What is -1b6319 (base 14) in base 3?
-1211122211210
What is -26611145 (base 7) in base 8?
-11276110
-3024400124 (base 5) to base 4
-113032332220
Convert -618900 (base 11) to base 5.
-223231214
What is -92179 (base 11) in base 15?
-29d5d
What is 100110110010001010110 (base 2) in base 6?
43123354
Convert -1111409 (base 14) to base 16.
-7bbd01
What is -10001010100001010 (base 2) in base 14?
-1bbbc
What is -2132053 (base 6) in base 11?
-72246
Convert -1714363 (base 10) to base 16.
-1a28bb
820761 (base 12) to base 9
3738031
What is 6d6c (base 16) in base 15?
8477
Convert -a7101 (base 14) to base 13.
-1118c6
34103130 (base 5) to base 15
5e02a
Convert -13c9a (base 15) to base 14.
-19267
What is -3422b (base 12) in base 14?
-1b443
Convert -14221 (base 9) to base 12.
-570a
What is -640518 (base 9) in base 15?
-77d25
What is -25885 (base 10) in base 12?
-12b91
4128a51 (base 11) to base 16
6f36ab
4ca8 (base 16) to base 4
10302220
What is 142474 (base 8) in base 2?
1100010100111100
11531260 (base 10) to base 5
10423000020
What is 36141505 (base 9) in base 6?
1425424305
What is -112222010220 (base 3) in base 7?
-2334645
Convert 4312471 (base 10) to base 6.
232233051
aa30 (base 13) to base 14
88cb
10202201211 (base 3) to base 10
74164
What is -1605666 (base 10) in base 5?
-402340131
What is 11203312 (base 5) in base 2?
11000100001101001
Convert -1457088 (base 9) to base 7.
-6563522
What is 1ec14 (base 15) in base 13?
36a30
717076 (base 8) to base 10
237118
122323331 (base 4) to base 5
12012313
What is -101221103 (base 4) in base 10?
-72275
Convert 228165 (base 10) to base 16.
37b45
What is 112021211011022 (base 3) in base 14?
1019765
Convert -11231333123 (base 4) to base 8.
-5557733
503ad (base 16) to base 15
67581
Convert -4153344 (base 9) to base 4.
-20132000320
What is -5147851 (base 9) in base 2?
-1010011110111110000111
Convert -14594 (base 13) to base 16.
-95ab
What is 305d5 (base 16) in 